{"id":2889,"date":"2023-02-01T08:42:33","date_gmt":"2023-02-01T08:42:33","guid":{"rendered":"http:\/\/www.projet-decroissance.net\/wp-content\/uploads\/2023\/02\/Capture-decran-2023-01-11-a-15.30.33.png"},"modified":"2023-02-01T08:43:36","modified_gmt":"2023-02-01T08:43:36","slug":"capture-decran-2023-01-11-a-15-30-33","status":"inherit","type":"attachment","link":"http:\/\/www.projet-decroissance.net\/?attachment_id=2889","title":{"rendered":"Sobri\u00e9t\u00e9-Liegey-Brockman-livre"},"author":3,"featured_media":0,"comment_status":"closed","ping_status":"closed","template":"","meta":[],"class_list":["post-2889","attachment","type-attachment","status-inherit","hentry"],"description":{"rendered":"<p class=\"attachment\"><a href='http:\/\/www.projet-decroissance.net\/wp-content\/uploads\/2023\/02\/Capture-decran-2023-01-11-a-15.30.33.png'><img loading=\"lazy\" decoding=\"async\" width=\"209\" height=\"300\" src=\"http:\/\/www.projet-decroissance.net\/wp-content\/uploads\/2023\/02\/Capture-decran-2023-01-11-a-15.30.33-209x300.png\" class=\"attachment-medium size-medium\" alt=\"La Sobri\u00e9t\u00e9 (La Vraie) : Mode d&#039;Emploi\" srcset=\"http:\/\/www.projet-decroissance.net\/wp-content\/uploads\/2023\/02\/Capture-decran-2023-01-11-a-15.30.33-209x300.png 209w, http:\/\/www.projet-decroissance.net\/wp-content\/uploads\/2023\/02\/Capture-decran-2023-01-11-a-15.30.33-715x1024.png 715w, http:\/\/www.projet-decroissance.net\/wp-content\/uploads\/2023\/02\/Capture-decran-2023-01-11-a-15.30.33-768x1101.png 768w, http:\/\/www.projet-decroissance.net\/wp-content\/uploads\/2023\/02\/Capture-decran-2023-01-11-a-15.30.33.png 822w\" sizes=\"auto, (max-width: 209px) 100vw, 209px\" \/><\/a><\/p>\n<p>P\u00e9nuries d\u2019\u00e9nergie, ruptures d\u2019approvisionnement, inflation galopante\u2026 Dans un contexte \u00e9conomique, social et g\u00e9opolitique tendu, notre bulle de confort est mise \u00e0 rude \u00e9preuve. Face \u00e0 ces bouleversements, la notion de sobri\u00e9t\u00e9 n\u2019a jamais autant \u00e9t\u00e9 d\u2019actualit\u00e9. Cette sobri\u00e9t\u00e9, \u00e0 laquelle personne ne comprend grand-chose, serait comme une punition provisoire pour traverser l\u2019hiver, pour traverser l\u2019ann\u00e9e, pour traverser la crise. Nous devons faire avec moins. Mais moins de quoi ? Et comment ?<\/p>\n<p>La sobri\u00e9t\u00e9, ce n\u2019est pas la fin de l\u2019abondance, c\u2019est la fin de notre addiction insoutenable \u00e0 la surconsommation. La sobri\u00e9t\u00e9, ce n\u2019est pas la fin de l\u2019insouciance, mais la red\u00e9couverte de la coop\u00e9ration et de la convivialit\u00e9. C\u2019est faire moins, mais mieux. Pour nous permettre de redevenir acteurs de notre vie, Vincent Li\u00e9gey, sp\u00e9cialiste de la d\u00e9croissance, et Isabelle Brokman, journaliste, ont mis au point ce manuel \u00e9mancipateur qui explore des alternatives autonomes et joyeuses.<\/p>\n<p>Logement, transport, alimentation, achats, num\u00e9rique, loisirs : les principaux postes de d\u00e9pense sont examin\u00e9s dans ce guide, qui regroupe des conseils, des astuces et les bonnes pratiques \u00e0 appliquer au quotidien pour faire des \u00e9conomies tout en r\u00e9duisant son empreinte environnementale. Porte d\u2019entr\u00e9e pour toutes et tous vers une d\u00e9croissance soutenable et d\u00e9sirable, la sobri\u00e9t\u00e9 est le socle sur lequel nous devons inventer un nouveau vivre ensemble, vers moins de biens mais plus de liens.<\/p>\n"},"caption":{"rendered":"<p>Couverture du livre La Sobri\u00e9t\u00e9 (La Vraie) : Mode d&rsquo;Emploi <a href=\"http:\/\/www.projet-decroissance.net\/?attachment_id=2889\">Continuer la lecture <span class=\"meta-nav\">&rarr;<\/span><\/a><\/p>\n"},"alt_text":"La Sobri\u00e9t\u00e9 (La Vraie) : Mode d'Emploi","media_type":"image","mime_type":"image\/png","media_details":{"width":822,"height":1178,"file":"2023\/02\/Capture-decran-2023-01-11-a-15.30.33.png","filesize":1396441,"sizes":{"medium":{"file":"Capture-decran-2023-01-11-a-15.30.33-209x300.png","width":209,"height":300,"filesize":86875,"mime_type":"image\/png","source_url":"http:\/\/www.projet-decroissance.net\/wp-content\/uploads\/2023\/02\/Capture-decran-2023-01-11-a-15.30.33-209x300.png"},"large":{"file":"Capture-decran-2023-01-11-a-15.30.33-715x1024.png","width":715,"height":1024,"filesize":868313,"mime_type":"image\/png","source_url":"http:\/\/www.projet-decroissance.net\/wp-content\/uploads\/2023\/02\/Capture-decran-2023-01-11-a-15.30.33-715x1024.png"},"thumbnail":{"file":"Capture-decran-2023-01-11-a-15.30.33-150x150.png","width":150,"height":150,"filesize":36372,"mime_type":"image\/png","source_url":"http:\/\/www.projet-decroissance.net\/wp-content\/uploads\/2023\/02\/Capture-decran-2023-01-11-a-15.30.33-150x150.png"},"medium_large":{"file":"Capture-decran-2023-01-11-a-15.30.33-768x1101.png","width":768,"height":1101,"filesize":993749,"mime_type":"image\/png","source_url":"http:\/\/www.projet-decroissance.net\/wp-content\/uploads\/2023\/02\/Capture-decran-2023-01-11-a-15.30.33-768x1101.png"},"post-thumbnail":{"file":"Capture-decran-2023-01-11-a-15.30.33-822x198.png","width":822,"height":198,"filesize":154399,"mime_type":"image\/png","source_url":"http:\/\/www.projet-decroissance.net\/wp-content\/uploads\/2023\/02\/Capture-decran-2023-01-11-a-15.30.33-822x198.png"},"full":{"file":"Capture-decran-2023-01-11-a-15.30.33.png","width":822,"height":1178,"mime_type":"image\/png","source_url":"http:\/\/www.projet-decroissance.net\/wp-content\/uploads\/2023\/02\/Capture-decran-2023-01-11-a-15.30.33.png"}},"image_meta":{"aperture":"0","credit":"","camera":"","caption":"","created_timestamp":"0","copyright":"","focal_length":"0","iso":"0","shutter_speed":"0","title":"","orientation":"0","keywords":[]}},"post":2888,"source_url":"http:\/\/www.projet-decroissance.net\/wp-content\/uploads\/2023\/02\/Capture-decran-2023-01-11-a-15.30.33.png","_links":{"self":[{"href":"http:\/\/www.projet-decroissance.net\/index.php?rest_route=\/wp\/v2\/media\/2889","targetHints":{"allow":["GET"]}}],"collection":[{"href":"http:\/\/www.projet-decroissance.net\/index.php?rest_route=\/wp\/v2\/media"}],"about":[{"href":"http:\/\/www.projet-decroissance.net\/index.php?rest_route=\/wp\/v2\/types\/attachment"}],"author":[{"embeddable":true,"href":"http:\/\/www.projet-decroissance.net\/index.php?rest_route=\/wp\/v2\/users\/3"}],"replies":[{"embeddable":true,"href":"http:\/\/www.projet-decroissance.net\/index.php?rest_route=%2Fwp%2Fv2%2Fcomments&post=2889"}]}}

Sobriété-Liegey-Brockman-livre

<p class="attachment"><a href='http://www.projet-decroissance.net/wp-content/uploads/2023/02/Capture-decran-2023-01-11-a-15.30.33.png'><img loading="lazy" decoding="async" width="209" height="300" src="http://www.projet-decroissance.net/wp-content/uploads/2023/02/Capture-decran-2023-01-11-a-15.30.33-209x300.png" class="attachment-medium size-medium" alt="La Sobriété (La Vraie) : Mode d&#039;Emploi" srcset="http://www.projet-decroissance.net/wp-content/uploads/2023/02/Capture-decran-2023-01-11-a-15.30.33-209x300.png 209w, http://www.projet-decroissance.net/wp-content/uploads/2023/02/Capture-decran-2023-01-11-a-15.30.33-715x1024.png 715w, http://www.projet-decroissance.net/wp-content/uploads/2023/02/Capture-decran-2023-01-11-a-15.30.33-768x1101.png 768w, http://www.projet-decroissance.net/wp-content/uploads/2023/02/Capture-decran-2023-01-11-a-15.30.33.png 822w" sizes="auto, (max-width: 209px) 100vw, 209px" /></a></p>
<p>Pénuries d’énergie, ruptures d’approvisionnement, inflation galopante… Dans un contexte économique, social et géopolitique tendu, notre bulle de confort est mise à rude épreuve. Face à ces bouleversements, la notion de sobriété n’a jamais autant été d’actualité. Cette sobriété, à laquelle personne ne comprend grand-chose, serait comme une punition provisoire pour traverser l’hiver, pour traverser l’année, pour traverser la crise. Nous devons faire avec moins. Mais moins de quoi ? Et comment ?</p>
<p>La sobriété, ce n’est pas la fin de l’abondance, c’est la fin de notre addiction insoutenable à la surconsommation. La sobriété, ce n’est pas la fin de l’insouciance, mais la redécouverte de la coopération et de la convivialité. C’est faire moins, mais mieux. Pour nous permettre de redevenir acteurs de notre vie, Vincent Liégey, spécialiste de la décroissance, et Isabelle Brokman, journaliste, ont mis au point ce manuel émancipateur qui explore des alternatives autonomes et joyeuses.</p>
<p>Logement, transport, alimentation, achats, numérique, loisirs : les principaux postes de dépense sont examinés dans ce guide, qui regroupe des conseils, des astuces et les bonnes pratiques à appliquer au quotidien pour faire des économies tout en réduisant son empreinte environnementale. Porte d’entrée pour toutes et tous vers une décroissance soutenable et désirable, la sobriété est le socle sur lequel nous devons inventer un nouveau vivre ensemble, vers moins de biens mais plus de liens.</p>

<p>Couverture du livre La Sobriété (La Vraie) : Mode d&rsquo;Emploi <a href="http://www.projet-decroissance.net/?attachment_id=2889">Continuer la lecture <span class="meta-nav">&rarr;</span></a></p>

La Sobriété (La Vraie) : Mode d'Emploi
