{"id":133,"date":"2012-12-26T15:47:51","date_gmt":"2012-12-26T15:47:51","guid":{"rendered":"http:\/\/www.projet-decroissance.net\/?page_id=133"},"modified":"2023-10-22T16:05:11","modified_gmt":"2023-10-22T16:05:11","slug":"nous-contacter","status":"publish","type":"page","link":"http:\/\/www.projet-decroissance.net\/?page_id=133","title":{"rendered":"Nous contacter"},"content":{"rendered":"<p><strong>Pour inviter des membres du collectif<\/strong> (notamment Vincent Liegey) \u00e0 une rencontre, une table ronde, une conf\u00e9rence ; pour une interview ou pour commander un article, merci d&rsquo;\u00e9crire \u00e0 <strong>contact [ at ] projet-decroissance.net<\/strong><\/p>\n<p style=\"text-align: center;\">Rejoignez-nous sur\u00a0<a href=\"http:\/\/www.facebook.com\/groups\/170368679776106\/\" target=\"_blank\" rel=\"noopener\">Facebook<\/a>\u00a0&#8211;\u00a0<a href=\"https:\/\/twitter.com\/VinczeDegrowth\" target=\"_blank\" rel=\"noopener\">Twitter<\/a>.<\/p>\n<p><strong>Pour \u00e9changer sur les pratiques, rejoindre des groupes\/collectifs locaux et nationaux<\/strong>, merci de vous rapprocher de \u00ab\u00a0<a href=\"https:\/\/ladecroissance.xyz\/\">La Maison Commune de la D\u00e9croissance<\/a>\u00ab\u00a0.<\/p>\n","protected":false},"excerpt":{"rendered":"<p>Pour inviter des membres du collectif (notamment Vincent Liegey) \u00e0 une rencontre, une table ronde, une conf\u00e9rence ; pour une interview ou pour commander un article, merci d&rsquo;\u00e9crire \u00e0 contact [ at ] projet-decroissance.net Rejoignez-nous sur\u00a0Facebook\u00a0&#8211;\u00a0Twitter. Pour \u00e9changer sur les &hellip; <a href=\"http:\/\/www.projet-decroissance.net\/?page_id=133\">Continuer la lecture <span class=\"meta-nav\">&rarr;<\/span><\/a><\/p>\n","protected":false},"author":2,"featured_media":0,"parent":0,"menu_order":0,"comment_status":"closed","ping_status":"open","template":"","meta":{"footnotes":""},"class_list":["post-133","page","type-page","status-publish","hentry"],"_links":{"self":[{"href":"http:\/\/www.projet-decroissance.net\/index.php?rest_route=\/wp\/v2\/pages\/133","targetHints":{"allow":["GET"]}}],"collection":[{"href":"http:\/\/www.projet-decroissance.net\/index.php?rest_route=\/wp\/v2\/pages"}],"about":[{"href":"http:\/\/www.projet-decroissance.net\/index.php?rest_route=\/wp\/v2\/types\/page"}],"author":[{"embeddable":true,"href":"http:\/\/www.projet-decroissance.net\/index.php?rest_route=\/wp\/v2\/users\/2"}],"replies":[{"embeddable":true,"href":"http:\/\/www.projet-decroissance.net\/index.php?rest_route=%2Fwp%2Fv2%2Fcomments&post=133"}],"version-history":[{"count":15,"href":"http:\/\/www.projet-decroissance.net\/index.php?rest_route=\/wp\/v2\/pages\/133\/revisions"}],"predecessor-version":[{"id":2907,"href":"http:\/\/www.projet-decroissance.net\/index.php?rest_route=\/wp\/v2\/pages\/133\/revisions\/2907"}],"wp:attachment":[{"href":"http:\/\/www.projet-decroissance.net\/index.php?rest_route=%2Fwp%2Fv2%2Fmedia&parent=133"}],"curies":[{"name":"wp","href":"https:\/\/api.w.org\/{rel}","templated":true}]}}